{"id":34,"date":"2021-01-27T13:13:13","date_gmt":"2021-01-27T13:13:13","guid":{"rendered":"https:\/\/gabi-scheidl.de\/?page_id=34"},"modified":"2021-01-27T15:58:12","modified_gmt":"2021-01-27T15:58:12","slug":"theaterpaedagogik","status":"publish","type":"page","link":"https:\/\/gabi-scheidl.de\/?page_id=34","title":{"rendered":"Theaterp\u00e4dagogik"},"content":{"rendered":"\n<figure class=\"wp-block-image alignfull size-full is-style-default\"><img loading=\"lazy\" width=\"2560\" height=\"279\" src=\"https:\/\/gabi-scheidl.de\/wp-content\/uploads\/2021\/01\/Augen-scaled.jpg\" alt=\"\" class=\"wp-image-99\" srcset=\"https:\/\/gabi-scheidl.de\/wp-content\/uploads\/2021\/01\/Augen-scaled.jpg 2560w, https:\/\/gabi-scheidl.de\/wp-content\/uploads\/2021\/01\/Augen-300x33.jpg 300w, https:\/\/gabi-scheidl.de\/wp-content\/uploads\/2021\/01\/Augen-1024x112.jpg 1024w, https:\/\/gabi-scheidl.de\/wp-content\/uploads\/2021\/01\/Augen-768x84.jpg 768w, https:\/\/gabi-scheidl.de\/wp-content\/uploads\/2021\/01\/Augen-1536x168.jpg 1536w, https:\/\/gabi-scheidl.de\/wp-content\/uploads\/2021\/01\/Augen-2048x223.jpg 2048w, https:\/\/gabi-scheidl.de\/wp-content\/uploads\/2021\/01\/Augen-1568x171.jpg 1568w\" sizes=\"(max-width: 2560px) 100vw, 2560px\" \/><\/figure>\n\n\n\n<figure class=\"wp-block-image size-large is-style-default\"><img loading=\"lazy\" width=\"820\" height=\"474\" src=\"https:\/\/gabi-scheidl.de\/wp-content\/uploads\/2021\/01\/Tintenherz-Meggie.jpg\" alt=\"\" class=\"wp-image-41\" srcset=\"https:\/\/gabi-scheidl.de\/wp-content\/uploads\/2021\/01\/Tintenherz-Meggie.jpg 820w, https:\/\/gabi-scheidl.de\/wp-content\/uploads\/2021\/01\/Tintenherz-Meggie-300x173.jpg 300w, https:\/\/gabi-scheidl.de\/wp-content\/uploads\/2021\/01\/Tintenherz-Meggie-768x444.jpg 768w\" sizes=\"(max-width: 820px) 100vw, 820px\" \/><\/figure>\n\n\n\n<p><strong>Die Theaterp\u00e4dagogik legt ihren Fokus auf die Arbeit mit dem Spieler<\/strong>.<br><br>Der Darsteller mit seinen F\u00e4higkeiten, seinen Kompetenzen und M\u00f6glichkeiten steht bei all meinen Projekten im Mittelpunkt.<br>Die Teilnehmer werden da abgeholt, wo sie stehen und werden da gef\u00f6rdert, wo sich Chancen bieten.<br>Die Akteure lernen ihre Grenzen auszutesten und vielleicht sogar dar\u00fcber hinauszugehen.<br>Neue Kompetenzen werden erworben und bereits vorhandene werden gest\u00e4rkt.<\/p>\n\n\n\n<div style=\"height:50px\" aria-hidden=\"true\" class=\"wp-block-spacer\"><\/div>\n\n\n\n<p class=\"has-text-align-center\">Gabi Scheidl \u2013 Theaterp\u00e4dagogin BuT\u00ae<\/p>\n","protected":false},"excerpt":{"rendered":"<p>Die Theaterp\u00e4dagogik legt ihren Fokus auf die Arbeit mit dem Spieler. Der Darsteller mit seinen F\u00e4higkeiten, seinen Kompetenzen und M\u00f6glichkeiten steht bei all meinen Projekten im Mittelpunkt.Die Teilnehmer werden da abgeholt, wo sie stehen und werden da gef\u00f6rdert, wo sich Chancen bieten.Die Akteure lernen ihre Grenzen auszutesten und vielleicht sogar dar\u00fcber hinauszugehen.Neue Kompetenzen werden erworben&hellip; <a class=\"more-link\" href=\"https:\/\/gabi-scheidl.de\/?page_id=34\"><span class=\"screen-reader-text\">Theaterp\u00e4dagogik<\/span> weiterlesen<\/a><\/p>\n","protected":false},"author":1,"featured_media":0,"parent":0,"menu_order":0,"comment_status":"closed","ping_status":"closed","template":"","meta":[],"_links":{"self":[{"href":"https:\/\/gabi-scheidl.de\/index.php?rest_route=\/wp\/v2\/pages\/34"}],"collection":[{"href":"https:\/\/gabi-scheidl.de\/index.php?rest_route=\/wp\/v2\/pages"}],"about":[{"href":"https:\/\/gabi-scheidl.de\/index.php?rest_route=\/wp\/v2\/types\/page"}],"author":[{"embeddable":true,"href":"https:\/\/gabi-scheidl.de\/index.php?rest_route=\/wp\/v2\/users\/1"}],"replies":[{"embeddable":true,"href":"https:\/\/gabi-scheidl.de\/index.php?rest_route=%2Fwp%2Fv2%2Fcomments&post=34"}],"version-history":[{"count":4,"href":"https:\/\/gabi-scheidl.de\/index.php?rest_route=\/wp\/v2\/pages\/34\/revisions"}],"predecessor-version":[{"id":185,"href":"https:\/\/gabi-scheidl.de\/index.php?rest_route=\/wp\/v2\/pages\/34\/revisions\/185"}],"wp:attachment":[{"href":"https:\/\/gabi-scheidl.de\/index.php?rest_route=%2Fwp%2Fv2%2Fmedia&parent=34"}],"curies":[{"name":"wp","href":"https:\/\/api.w.org\/{rel}","templated":true}]}}