{"id":65,"date":"2021-01-27T13:23:17","date_gmt":"2021-01-27T13:23:17","guid":{"rendered":"https:\/\/gabi-scheidl.de\/?page_id=65"},"modified":"2023-09-13T15:51:50","modified_gmt":"2023-09-13T15:51:50","slug":"museumstheater","status":"publish","type":"page","link":"https:\/\/gabi-scheidl.de\/?page_id=65","title":{"rendered":"Museumstheater"},"content":{"rendered":"\n<figure class=\"wp-block-image alignfull size-full is-style-default\"><img loading=\"lazy\" width=\"2560\" height=\"279\" src=\"https:\/\/gabi-scheidl.de\/wp-content\/uploads\/2021\/01\/Augen-scaled.jpg\" alt=\"\" class=\"wp-image-99\" srcset=\"https:\/\/gabi-scheidl.de\/wp-content\/uploads\/2021\/01\/Augen-scaled.jpg 2560w, https:\/\/gabi-scheidl.de\/wp-content\/uploads\/2021\/01\/Augen-300x33.jpg 300w, https:\/\/gabi-scheidl.de\/wp-content\/uploads\/2021\/01\/Augen-1024x112.jpg 1024w, https:\/\/gabi-scheidl.de\/wp-content\/uploads\/2021\/01\/Augen-768x84.jpg 768w, https:\/\/gabi-scheidl.de\/wp-content\/uploads\/2021\/01\/Augen-1536x168.jpg 1536w, https:\/\/gabi-scheidl.de\/wp-content\/uploads\/2021\/01\/Augen-2048x223.jpg 2048w, https:\/\/gabi-scheidl.de\/wp-content\/uploads\/2021\/01\/Augen-1568x171.jpg 1568w\" sizes=\"(max-width: 2560px) 100vw, 2560px\" \/><\/figure>\n\n\n\n<div style=\"height:50px\" aria-hidden=\"true\" class=\"wp-block-spacer\"><\/div>\n\n\n\n<div class=\"wp-block-image is-style-default\"><figure class=\"aligncenter size-large\"><img loading=\"lazy\" width=\"700\" height=\"193\" src=\"https:\/\/gabi-scheidl.de\/wp-content\/uploads\/2021\/01\/Anna-Maria-Schwaegelin.jpg\" alt=\"\" class=\"wp-image-43\" srcset=\"https:\/\/gabi-scheidl.de\/wp-content\/uploads\/2021\/01\/Anna-Maria-Schwaegelin.jpg 700w, https:\/\/gabi-scheidl.de\/wp-content\/uploads\/2021\/01\/Anna-Maria-Schwaegelin-300x83.jpg 300w\" sizes=\"(max-width: 700px) 100vw, 700px\" \/><\/figure><\/div>\n\n\n\n<div style=\"height:51px\" aria-hidden=\"true\" class=\"wp-block-spacer\"><\/div>\n\n\n\n<p>Museumstheater ist die Verschmelzung von Theater und Museum, also von Darstellung und Kunst und Wissenschaft. <br>Mein Ziel ist es wissenschaftliche Fakten und museale Objekte durch die theatrale Pr\u00e4sentation verst\u00e4ndlich und mit emotionaler Verbindung zu vermitteln und zugleich dem Wunsch der Besucher nach Unterhaltung nachzukommen.<\/p>\n\n\n\n<div style=\"height:50px\" aria-hidden=\"true\" class=\"wp-block-spacer\"><\/div>\n\n\n\n<p style=\"line-height:1.5\">RITTER, F\u00dcRSTABT, HEXE<br>Schauspielf\u00fchrung<\/p>\n\n\n\n<p class=\"has-normal-font-size\">N\u00e4here Infos: <br><a href=\"https:\/\/www.kempten-tourismus.de\/fuehrung-ritter-fuerstabt-hexe-1137.html\" target=\"_blank\" rel=\"noreferrer noopener\">http:\/\/www.kempten-tourismus.de<\/a><\/p>\n\n\n\n<div class=\"alignnormal\"><div id=\"metaslider-id-118\" style=\"max-width: 300px; margin: 0 auto;\" class=\"ml-slider-3-20-0 metaslider metaslider-nivo metaslider-118 ml-slider\">\n    <div id=\"metaslider_container_118\">\n        <div class='slider-wrapper theme-default'><div class='ribbon'><\/div><div id='metaslider_118' class='nivoSlider'><img src=\"https:\/\/gabi-scheidl.de\/wp-content\/uploads\/2021\/01\/2017-Stadtfuehrung-RFH-3-scaled-300x300.jpg\" height=\"300\" width=\"300\" title=\"2017 Stadtf\u00fchrung RFH (3)\" alt=\"\" class=\"slider-118 slide-119\" \/><img src=\"https:\/\/gabi-scheidl.de\/wp-content\/uploads\/2021\/01\/2017-Stadtfuehrung-RFH-4-scaled-300x300.jpg\" height=\"300\" width=\"300\" title=\"2017 Stadtf\u00fchrung RFH (4)\" alt=\"\" class=\"slider-118 slide-123\" \/><img src=\"https:\/\/gabi-scheidl.de\/wp-content\/uploads\/2021\/02\/2017-Stadtfuehrung-RFH-9-scaled-300x300.jpg\" height=\"300\" width=\"300\" title=\"2017 Stadtf\u00fchrung RFH (9)\" alt=\"\" class=\"slider-118 slide-253\" \/><img src=\"https:\/\/gabi-scheidl.de\/wp-content\/uploads\/2021\/02\/2017-Stadtfuehrung-RFH-scaled-300x300.jpg\" height=\"300\" width=\"300\" title=\"2017 Stadtf\u00fchrung RFH\" alt=\"\" class=\"slider-118 slide-255\" \/><img src=\"https:\/\/gabi-scheidl.de\/wp-content\/uploads\/2021\/02\/2017-Stadtfuehrung-RFH-6-scaled-300x300.jpg\" height=\"300\" width=\"300\" title=\"2017 Stadtf\u00fchrung RFH (6)\" alt=\"\" class=\"slider-118 slide-258\" \/><\/div><\/div>\n        \n    <\/div>\n<\/div><\/div>\n\n\n\n<div style=\"height:46px\" aria-hidden=\"true\" class=\"wp-block-spacer\"><\/div>\n\n\n\n<hr class=\"wp-block-separator\"\/>\n\n\n\n<p><strong>Erlebnisf\u00fchrungen im APC<\/strong><\/p>\n\n\n\n<p class=\"has-normal-font-size\">Die Schauspielf\u00fchrung am letzten Sonntag im Monat<br>gibt Einblicke in das Leben der Einwohner von Cambodunum<br>und die Erlebnisf\u00fchrung CAMBODUNUM OBSCURUM erm\u00f6glicht<br>Ihnen Einblick in die dunklen Geheimnisse der R\u00f6mer*innen.<br>N\u00e4here Infos unter: <a href=\"https:\/\/apc-kempten.de\/de\/fuehrungen\" target=\"_blank\" rel=\"noreferrer noopener\">https:\/\/apc-kempten.de\/de\/fuehrungen<\/a><\/p>\n\n\n\n<div class=\"alignnormal\"><div id=\"metaslider-id-402\" style=\"max-width: 300px; margin: 0 auto;\" class=\"ml-slider-3-20-0 metaslider metaslider-nivo metaslider-402 ml-slider\">\n    <div id=\"metaslider_container_402\">\n        <div class='slider-wrapper theme-default'><div class='ribbon'><\/div><div id='metaslider_402' class='nivoSlider'><img src=\"https:\/\/gabi-scheidl.de\/wp-content\/uploads\/2023\/09\/IMG_20230625_114947-scaled-300x300.jpg\" height=\"300\" width=\"300\" title=\"IMG_20230625_114947\" alt=\"\" class=\"slider-402 slide-404\" \/><img src=\"https:\/\/gabi-scheidl.de\/wp-content\/uploads\/2023\/09\/IMG_20230625_194110-scaled-e1694618099175-300x300.jpg\" height=\"300\" width=\"300\" title=\"IMG_20230625_194110\" alt=\"\" class=\"slider-402 slide-405\" \/><img src=\"https:\/\/gabi-scheidl.de\/wp-content\/uploads\/2023\/09\/IMG_20230625_114904-scaled-e1694618695757-300x300.jpg\" height=\"300\" width=\"300\" title=\"IMG_20230625_114904\" alt=\"\" class=\"slider-402 slide-414\" \/><\/div><\/div>\n        \n    <\/div>\n<\/div><\/div>\n\n\n\n<div style=\"height:45px\" aria-hidden=\"true\" class=\"wp-block-spacer\"><\/div>\n\n\n\n<hr class=\"wp-block-separator\"\/>\n\n\n\n<div class=\"wp-block-group\"><div class=\"wp-block-group__inner-container\">\n<p class=\"has-normal-font-size\">M\u00e4rchenspaziergang<br>Begegnen Sie auf einem Spaziergang durch den Wald rund um<br>die Vorarlberger Gr\u00e4ber den M\u00e4rchen Gestalten der Gebr\u00fcder Grimm und erfahren Sie deren Geschichte sozusagen aus erster Hand.<br>Infos dazu unter: <a href=\"https:\/\/b\u00fchnentaucher.de\/maerchenspaziergang\/\" target=\"_blank\" rel=\"noreferrer noopener\">https:\/\/b\u00fchnentaucher.de\/maerchenspaziergang\/<\/a><\/p>\n<\/div><\/div>\n\n\n\n<div class=\"alignnormal\"><div id=\"metaslider-id-406\" style=\"max-width: 300px; margin: 0 auto;\" class=\"ml-slider-3-20-0 metaslider metaslider-nivo metaslider-406 ml-slider\">\n    <div id=\"metaslider_container_406\">\n        <div class='slider-wrapper theme-default'><div class='ribbon'><\/div><div id='metaslider_406' class='nivoSlider'><img src=\"https:\/\/gabi-scheidl.de\/wp-content\/uploads\/2023\/09\/IMG_20230709_154322-scaled-300x300.jpg\" height=\"300\" width=\"300\" title=\"IMG_20230709_154322\" alt=\"\" class=\"slider-406 slide-407\" \/><img src=\"https:\/\/gabi-scheidl.de\/wp-content\/uploads\/2023\/09\/IMG_20230709_223415-300x300.jpg\" height=\"300\" width=\"300\" title=\"IMG_20230709_223415\" alt=\"\" class=\"slider-406 slide-408\" \/><img src=\"https:\/\/gabi-scheidl.de\/wp-content\/uploads\/2023\/09\/IMG_20230710_171458-300x300.jpg\" height=\"300\" width=\"300\" title=\"IMG_20230710_171458\" alt=\"\" class=\"slider-406 slide-409\" \/><img src=\"https:\/\/gabi-scheidl.de\/wp-content\/uploads\/2023\/09\/IMG_20230710_171538-scaled-300x300.jpg\" height=\"300\" width=\"300\" title=\"IMG_20230710_171538\" alt=\"\" class=\"slider-406 slide-410\" \/><\/div><\/div>\n        \n    <\/div>\n<\/div><\/div>\n\n\n\n<div style=\"height:45px\" aria-hidden=\"true\" class=\"wp-block-spacer\"><\/div>\n\n\n\n<div style=\"height:50px\" aria-hidden=\"true\" class=\"wp-block-spacer\"><\/div>\n\n\n\n<hr class=\"wp-block-separator\"\/>\n\n\n\n<p>Regina Rosina Neubronner -die Frau des B\u00fcrgermeisters<\/p>\n\n\n\n<p class=\"has-normal-font-size\">Regina Rosina Neubronner, die Gattin Matth\u00e4us Philipp Neubronner, berichtet aus ihrer Sicht \u00fcber die Stadtgeschichte Kemptens. Im Dialog mit den G\u00e4stef\u00fchrern erz\u00e4hlt sie von sich und ihrem Eindruck der Stadt(geschichte).<br><br>N\u00e4here Infos:<br><a rel=\"noreferrer noopener\" href=\"https:\/\/kempten-museum.de\/de\/fuehrungen\" target=\"_blank\">https:\/\/kempten-museum.de\/de\/fuehrungen<\/a><\/p>\n\n\n\n<div class=\"alignnormal\"><div id=\"metaslider-id-173\" style=\"max-width: 300px; margin: 0 auto;\" class=\"ml-slider-3-20-0 metaslider metaslider-nivo metaslider-173 ml-slider\">\n    <div id=\"metaslider_container_173\">\n        <div class='slider-wrapper theme-default'><div class='ribbon'><\/div><div id='metaslider_173' class='nivoSlider'><img src=\"https:\/\/gabi-scheidl.de\/wp-content\/uploads\/2021\/01\/IMG-20191205-WA0001-300x300.jpg\" height=\"300\" width=\"300\" title=\"IMG-20191205-WA0001\" alt=\"\" class=\"slider-173 slide-178\" \/><img src=\"https:\/\/gabi-scheidl.de\/wp-content\/uploads\/2021\/01\/Neubronnerin-300x300.jpg\" height=\"300\" width=\"300\" title=\"Neubronnerin\" alt=\"\" class=\"slider-173 slide-180\" \/><\/div><\/div>\n        \n    <\/div>\n<\/div><\/div>\n\n\n\n<div style=\"height:50px\" aria-hidden=\"true\" class=\"wp-block-spacer\"><\/div>\n\n\n\n<hr class=\"wp-block-separator\"\/>\n\n\n\n<p>All Hallows Eve &#8211; Der Abend vor Allerheiligen<\/p>\n\n\n\n<p class=\"has-normal-font-size\">Am Abend vor Allerheiligen sind die T\u00fcren zur &#8222;anderen Welt&#8220; ge\u00f6ffnet.<br>In dieser Nacht k\u00f6nnen wir nicht unterscheiden&nbsp;zwischen Lebenden und Toten.<br>Verirrte Seelen wandeln auf der Erde um Erl\u00f6sung zu finden. Unheimliche&nbsp;Ph\u00e4nomene ereignen sich.Begeben sie sich mit uns auf einen spannenden Rundgang &#8211; rund um die Burghalde.Erleben Sie geheimnisvolle Geschichten, wie sie sich nur in dieser Nacht ereignen k\u00f6nnen.<\/p>\n\n\n\n<p class=\"has-normal-font-size\">N\u00e4here Infos: <a href=\"http:\/\/www.halloween-kempten.de\" target=\"_blank\" rel=\"noreferrer noopener\">http:\/\/www.halloween-kempten.de<\/a><\/p>\n\n\n\n<div class=\"alignnormal\"><div id=\"metaslider-id-131\" style=\"max-width: 300px; margin: 0 auto;\" class=\"ml-slider-3-20-0 metaslider metaslider-nivo metaslider-131 ml-slider\">\n    <div id=\"metaslider_container_131\">\n        <div class='slider-wrapper theme-default'><div class='ribbon'><\/div><div id='metaslider_131' class='nivoSlider'><img src=\"https:\/\/gabi-scheidl.de\/wp-content\/uploads\/2021\/01\/WhatsApp-Image-2020-10-31-at-21.14.34-300x300.jpeg\" height=\"300\" width=\"300\" title=\"WhatsApp Image 2020-10-31 at 21.14.34\" alt=\"\" class=\"slider-131 slide-132\" \/><img src=\"https:\/\/gabi-scheidl.de\/wp-content\/uploads\/2021\/01\/Jack-Oldfield-scaled-300x300.jpg\" height=\"300\" width=\"300\" title=\"Jack Oldfield\" alt=\"\" class=\"slider-131 slide-134\" \/><img src=\"https:\/\/gabi-scheidl.de\/wp-content\/uploads\/2021\/01\/3OzBFTcE-300x300.jpeg\" height=\"300\" width=\"300\" title=\"3OzBFTcE\" alt=\"\" class=\"slider-131 slide-138\" \/><img src=\"https:\/\/gabi-scheidl.de\/wp-content\/uploads\/2021\/01\/IMG_2835-scaled-300x300.jpg\" height=\"300\" width=\"300\" title=\"IMG_2835\" alt=\"\" class=\"slider-131 slide-139\" \/><img src=\"https:\/\/gabi-scheidl.de\/wp-content\/uploads\/2021\/02\/dunkle-Gestalten-300x300.jpg\" height=\"300\" width=\"300\" title=\"dunkle Gestalten\" alt=\"\" class=\"slider-131 slide-261\" \/><img src=\"https:\/\/gabi-scheidl.de\/wp-content\/uploads\/2021\/02\/dunkler-Handel-Halloween-scaled-300x300.jpg\" height=\"300\" width=\"300\" title=\"dunkler Handel Halloween\" alt=\"\" class=\"slider-131 slide-262\" \/><\/div><\/div>\n        \n    <\/div>\n<\/div><\/div>\n\n\n\n<div style=\"height:44px\" aria-hidden=\"true\" class=\"wp-block-spacer\"><\/div>\n\n\n\n<hr class=\"wp-block-separator\"\/>\n\n\n\n<div class=\"wp-block-group\"><div class=\"wp-block-group__inner-container\">\n<p><strong>Das vereinte Kempten &#8211; gegeneinander und miteinander<\/strong><\/p>\n<\/div><\/div>\n\n\n\n<p class=\"has-normal-font-size\">Begleiten Sie uns gemeinsam mit der Kempten-Kathi auf einem unterhaltsamen Rundgang durch die Historie der vereinten Doppelstadt in ihrem schwierigen Neben- und Miteinander. H\u00f6ren Sie Anekdoten, wor\u00fcber die Kemptener gestritten haben, sich arrangierten, aber auch am\u00fcsierten.<\/p>\n\n\n\n<p class=\"has-normal-font-size\">N\u00e4here Infos:<br><a href=\"https:\/\/www.kempten-tourismus.de\/das-vereinte-kempten-gegeneinander-und-miteinander-3756.html\" target=\"_blank\" rel=\"noreferrer noopener\">http:\/\/www.kempten-tourismus.de<\/a><\/p>\n\n\n\n<div class=\"alignnormal\"><div id=\"metaslider-id-124\" style=\"max-width: 300px; margin: 0 auto;\" class=\"ml-slider-3-20-0 metaslider metaslider-nivo metaslider-124 ml-slider\">\n    <div id=\"metaslider_container_124\">\n        <div class='slider-wrapper theme-default'><div class='ribbon'><\/div><div id='metaslider_124' class='nivoSlider'><img src=\"https:\/\/gabi-scheidl.de\/wp-content\/uploads\/2021\/01\/IMG_8029-scaled-300x300.jpg\" height=\"300\" width=\"300\" title=\"IMG_8029\" alt=\"\" class=\"slider-124 slide-125\" \/><img src=\"https:\/\/gabi-scheidl.de\/wp-content\/uploads\/2021\/01\/IMG_8010-scaled-300x300.jpg\" height=\"300\" width=\"300\" title=\"IMG_8010\" alt=\"\" class=\"slider-124 slide-126\" \/><img src=\"https:\/\/gabi-scheidl.de\/wp-content\/uploads\/2021\/01\/ohne-Passanten-scaled-300x300.jpg\" height=\"300\" width=\"300\" title=\"ohne Passanten\" alt=\"\" class=\"slider-124 slide-130\" \/><img src=\"https:\/\/gabi-scheidl.de\/wp-content\/uploads\/2021\/02\/zwei-Kempten-eine-Stadt-300x300.jpg\" height=\"300\" width=\"300\" title=\"zwei Kempten eine Stadt\" alt=\"\" class=\"slider-124 slide-251\" \/><img src=\"https:\/\/gabi-scheidl.de\/wp-content\/uploads\/2021\/02\/Zwei-Kempten-scaled-300x300.jpg\" height=\"300\" width=\"300\" title=\"Zwei Kempten\" alt=\"\" class=\"slider-124 slide-252\" \/><\/div><\/div>\n        \n    <\/div>\n<\/div><\/div>\n\n\n\n<div style=\"height:54px\" aria-hidden=\"true\" class=\"wp-block-spacer\"><\/div>\n\n\n\n<hr class=\"wp-block-separator\"\/>\n\n\n\n<p class=\"has-text-align-center\">Gabi Scheidl \u2013 Theaterp\u00e4dagogin BuT\u00ae<\/p>\n","protected":false},"excerpt":{"rendered":"<p>Museumstheater ist die Verschmelzung von Theater und Museum, also von Darstellung und Kunst und Wissenschaft. Mein Ziel ist es wissenschaftliche Fakten und museale Objekte durch die theatrale Pr\u00e4sentation verst\u00e4ndlich und mit emotionaler Verbindung zu vermitteln und zugleich dem Wunsch der Besucher nach Unterhaltung nachzukommen. RITTER, F\u00dcRSTABT, HEXESchauspielf\u00fchrung N\u00e4here Infos: http:\/\/www.kempten-tourismus.de Erlebnisf\u00fchrungen im APC Die Schauspielf\u00fchrung&hellip; <a class=\"more-link\" href=\"https:\/\/gabi-scheidl.de\/?page_id=65\"><span class=\"screen-reader-text\">Museumstheater<\/span> weiterlesen<\/a><\/p>\n","protected":false},"author":1,"featured_media":0,"parent":0,"menu_order":0,"comment_status":"closed","ping_status":"closed","template":"","meta":[],"_links":{"self":[{"href":"https:\/\/gabi-scheidl.de\/index.php?rest_route=\/wp\/v2\/pages\/65"}],"collection":[{"href":"https:\/\/gabi-scheidl.de\/index.php?rest_route=\/wp\/v2\/pages"}],"about":[{"href":"https:\/\/gabi-scheidl.de\/index.php?rest_route=\/wp\/v2\/types\/page"}],"author":[{"embeddable":true,"href":"https:\/\/gabi-scheidl.de\/index.php?rest_route=\/wp\/v2\/users\/1"}],"replies":[{"embeddable":true,"href":"https:\/\/gabi-scheidl.de\/index.php?rest_route=%2Fwp%2Fv2%2Fcomments&post=65"}],"version-history":[{"count":17,"href":"https:\/\/gabi-scheidl.de\/index.php?rest_route=\/wp\/v2\/pages\/65\/revisions"}],"predecessor-version":[{"id":420,"href":"https:\/\/gabi-scheidl.de\/index.php?rest_route=\/wp\/v2\/pages\/65\/revisions\/420"}],"wp:attachment":[{"href":"https:\/\/gabi-scheidl.de\/index.php?rest_route=%2Fwp%2Fv2%2Fmedia&parent=65"}],"curies":[{"name":"wp","href":"https:\/\/api.w.org\/{rel}","templated":true}]}}