{"id":67,"date":"2021-01-27T13:23:35","date_gmt":"2021-01-27T13:23:35","guid":{"rendered":"https:\/\/gabi-scheidl.de\/?page_id=67"},"modified":"2021-01-29T14:52:21","modified_gmt":"2021-01-29T14:52:21","slug":"theater-an-schulen","status":"publish","type":"page","link":"https:\/\/gabi-scheidl.de\/?page_id=67","title":{"rendered":"Theater an Schulen"},"content":{"rendered":"\n<figure class=\"wp-block-image alignfull size-full is-style-default\"><img loading=\"lazy\" width=\"2560\" height=\"279\" src=\"https:\/\/gabi-scheidl.de\/wp-content\/uploads\/2021\/01\/Augen-scaled.jpg\" alt=\"\" class=\"wp-image-99\" srcset=\"https:\/\/gabi-scheidl.de\/wp-content\/uploads\/2021\/01\/Augen-scaled.jpg 2560w, https:\/\/gabi-scheidl.de\/wp-content\/uploads\/2021\/01\/Augen-300x33.jpg 300w, https:\/\/gabi-scheidl.de\/wp-content\/uploads\/2021\/01\/Augen-1024x112.jpg 1024w, https:\/\/gabi-scheidl.de\/wp-content\/uploads\/2021\/01\/Augen-768x84.jpg 768w, https:\/\/gabi-scheidl.de\/wp-content\/uploads\/2021\/01\/Augen-1536x168.jpg 1536w, https:\/\/gabi-scheidl.de\/wp-content\/uploads\/2021\/01\/Augen-2048x223.jpg 2048w, https:\/\/gabi-scheidl.de\/wp-content\/uploads\/2021\/01\/Augen-1568x171.jpg 1568w\" sizes=\"(max-width: 2560px) 100vw, 2560px\" \/><\/figure>\n\n\n\n<div style=\"height:50px\" aria-hidden=\"true\" class=\"wp-block-spacer\"><\/div>\n\n\n\n<figure class=\"wp-block-image alignwide size-large is-style-twentytwentyone-image-frame\"><img loading=\"lazy\" width=\"1024\" height=\"394\" src=\"https:\/\/gabi-scheidl.de\/wp-content\/uploads\/2021\/01\/Emil-HP-1024x394.jpg\" alt=\"\" class=\"wp-image-35\" srcset=\"https:\/\/gabi-scheidl.de\/wp-content\/uploads\/2021\/01\/Emil-HP-1024x394.jpg 1024w, https:\/\/gabi-scheidl.de\/wp-content\/uploads\/2021\/01\/Emil-HP-300x115.jpg 300w, https:\/\/gabi-scheidl.de\/wp-content\/uploads\/2021\/01\/Emil-HP-768x296.jpg 768w, https:\/\/gabi-scheidl.de\/wp-content\/uploads\/2021\/01\/Emil-HP-1536x591.jpg 1536w, https:\/\/gabi-scheidl.de\/wp-content\/uploads\/2021\/01\/Emil-HP-2048x788.jpg 2048w, https:\/\/gabi-scheidl.de\/wp-content\/uploads\/2021\/01\/Emil-HP-1568x603.jpg 1568w\" sizes=\"(max-width: 1024px) 100vw, 1024px\" \/><\/figure>\n\n\n\n<p><strong>Theater an Schulen:<\/strong><\/p>\n\n\n\n<p>Theater an Schulen bietet den Kindern und Jugendlichen die<br>M\u00f6glichkeit:<\/p>\n\n\n\n<ul><li>sich in gesch\u00fctztem Rahmen auszuprobieren<\/li><li>ihre Grenzen auszutesten<\/li><li>wichtige Selbst- und Sozialkompetenzen zu entwickeln und zu st\u00e4rken<\/li><li>sich mit der Gesellschaft auseinanderzusetzen<\/li><li>und L\u00f6sungen f\u00fcr sozial Probleme zu kreieren<\/li><\/ul>\n\n\n\n<p>Zudem werden Verst\u00e4ndnis und Begeisterung f\u00fcr Theater und Kultur geweckt.<\/p>\n\n\n\n<p class=\"has-text-color has-small-font-size\" style=\"color:#3dc4ff\"><em>Ich ziehe es vor, Leute mit Spa\u00df zu unterhalten, in der Hoffnung dass sie lernen, statt ihnen etwas beibringen zu wollen, in der Hoffnung, dass es ihnen Spa\u00df  macht.  \u00a0<\/em><\/p>\n\n\n\n<p class=\"has-text-align-right has-text-color has-small-font-size\" style=\"color:#3dc4ff\"><em>Walt Disney<\/em><\/p>\n\n\n\n<div style=\"height:100px\" aria-hidden=\"true\" class=\"wp-block-spacer\"><\/div>\n\n\n\n<p class=\"has-text-align-center\">Gabi Scheidl \u2013 Theaterp\u00e4dagogin BuT\u00ae<\/p>\n","protected":false},"excerpt":{"rendered":"<p>Theater an Schulen: Theater an Schulen bietet den Kindern und Jugendlichen dieM\u00f6glichkeit: sich in gesch\u00fctztem Rahmen auszuprobieren ihre Grenzen auszutesten wichtige Selbst- und Sozialkompetenzen zu entwickeln und zu st\u00e4rken sich mit der Gesellschaft auseinanderzusetzen und L\u00f6sungen f\u00fcr sozial Probleme zu kreieren Zudem werden Verst\u00e4ndnis und Begeisterung f\u00fcr Theater und Kultur geweckt. Ich ziehe es vor,&hellip; <a class=\"more-link\" href=\"https:\/\/gabi-scheidl.de\/?page_id=67\"><span class=\"screen-reader-text\">Theater an Schulen<\/span> weiterlesen<\/a><\/p>\n","protected":false},"author":1,"featured_media":0,"parent":0,"menu_order":0,"comment_status":"closed","ping_status":"closed","template":"","meta":[],"_links":{"self":[{"href":"https:\/\/gabi-scheidl.de\/index.php?rest_route=\/wp\/v2\/pages\/67"}],"collection":[{"href":"https:\/\/gabi-scheidl.de\/index.php?rest_route=\/wp\/v2\/pages"}],"about":[{"href":"https:\/\/gabi-scheidl.de\/index.php?rest_route=\/wp\/v2\/types\/page"}],"author":[{"embeddable":true,"href":"https:\/\/gabi-scheidl.de\/index.php?rest_route=\/wp\/v2\/users\/1"}],"replies":[{"embeddable":true,"href":"https:\/\/gabi-scheidl.de\/index.php?rest_route=%2Fwp%2Fv2%2Fcomments&post=67"}],"version-history":[{"count":6,"href":"https:\/\/gabi-scheidl.de\/index.php?rest_route=\/wp\/v2\/pages\/67\/revisions"}],"predecessor-version":[{"id":199,"href":"https:\/\/gabi-scheidl.de\/index.php?rest_route=\/wp\/v2\/pages\/67\/revisions\/199"}],"wp:attachment":[{"href":"https:\/\/gabi-scheidl.de\/index.php?rest_route=%2Fwp%2Fv2%2Fmedia&parent=67"}],"curies":[{"name":"wp","href":"https:\/\/api.w.org\/{rel}","templated":true}]}}